2*m**4 - 21*m - 1/6*m**3 + 7/2*m**2. Give b(11).
-4
Let g be -24*(-4 + (-55)/(-15)). Suppose 5*n + 3*p = 2*n + 36, n - 3*p + g = 0. Let k(m) = -m + 11. Give k(n).
4
Let v(t) = 10*t**2 + 2*t - 3. Let d(z) = -21*z**2 - 3*z + 6. Let p(h) = d(h) + 2*v(h). Let a(x) = 2*x - 9. Let u be a(6). Determine p(u).
-6
Let q(g) = -g**2 - 8*g - 16. Let k be q(-4). Let j(z) = -770*z + 1 + 781*z + k. What is j(-1)?
-10
Let x(u) = -56*u + 395. Let w be x(7). Let t(f) = -2*f + 8*f - w*f + 5*f + 4*f**2 - 4*f + f**3. What is t(-3)?
-3
Suppose -2*n + 637 = 3*p, 83*n = 79*n - 4*p + 1276. Suppose 27*k = 7*k - n. Let s(b) = b**3 + 15*b**2 - 15*b + 24. Give s(k).
8
Let g(t) = t**3 + 9*t**2 + 9*t + 6. Let d be -12*2/2*4/8. Calculate g(d).
60
Let r be ((14/(-28))/((-3)/(-18)))/((-12)/92). Let m(k) = -2*k + 49. Determine m(r).
3
Let g(u) = -u + 1. Suppose -y - 1383 = 2*t + 186, -2*y - 3162 = -2*t. Let i be (-2)/9 + y/(-171). Suppose 14*j - i*j + 10 = 0. Determine g(j).
3
Let r(q) = -22*q - 63735*q**2 - 31*q + 63733*q**2 + 22 - 4*q + 0*q. Give r(-29).
-7
Let w(p) be the third derivative of p**4/6 + 8856*p**2. Suppose 4*u - 3*u + 4 = 0. Calculate w(u).
-16
Let m(r) = -338 - 330 + 7*r**2 - 2*r - 336 + 1013 + 2*r**3 - 3*r**3. Let t(i) = 6*i - 3. Let y be t(2). Suppose 0 = -2*c - y + 23. Give m(c).
-5
Let r(a) be the second derivative of -a**5/20 + 5*a**4/12 + 7*a**3/6 - a**2 + 26*a. Suppose 3*v - 3*x = 90, v - x - 32 = -2*x. Let c = v + -25. What is r(c)?
4
Let p = -239 - -240. Let c(w) = w**2 - w - 1. Let l(t) = -t**2 - 6*t - 2*t**3 + 2*t - 4 + t**2 + 3*t**2. Let q(h) = 4*c(h) - l(h). What is q(p)?
3
Let x(s) = 7*s + 3. Let u(a) = 22 + 6*a - 12*a - 18*a - 30. Let o(d) = 2*u(d) + 7*x(d). Suppose -q + 12 = -4*q + f, 4*q - f = -17. What is o(q)?
0
Let q(p) be the third derivative of -p**4/8 - 19*p**3/2 - 624*p**2. Determine q(-18).
-3
Let w(x) be the third derivative of -x**6/120 + 2*x**5/15 - x**4/12 - 5*x**3/6 + 1012*x**2. Suppose 3*q - 21 = -3*y, 4*y = 5*q + y - 43. What is w(q)?
-21
Let j(n) be the first derivative of n**4/4 + n**3/3 - n**2/2 - n + 233. Calculate j(2).
9
Let q be -5 + 7 - 2/1. Let t(b) be the third derivative of -b**4/24 + b**3 - 4701*b**2 - 2*b. Give t(q).
6
Let p(x) = x**3 - 14*x**2 + 10*x + 41. Let n(b) = 2*b**3 - 57*b**2 + 364*b - 44. Let j be n(19). Determine p(j).
2
Let s(c) be the first derivative of -1/3*c**3 + 0*c + 129 - 5/2*c**2. Suppose -10 = x + x. Calculate s(x).
0
Let i(n) = 3*n**2 - n - 2. Let z be i(1). Let r(q) = 2*q + 8*q**2 + 5 + z - q**2 - 3*q**2 - 6. What is r(1)?
5
Let g(k) = 2*k - 2. Let c = 338 + -333. Let x(y) = 11*y - 14. Let z(a) = c*g(a) - x(a). Give z(10).
-6
Let m(r) be the first derivative of r**2/2 + 8*r - 4. Suppose 5*v + y = 134, 5 = y + 6. Suppose -7*q + 4*q - v = 0. Give m(q).
-1
Let g(f) = -f**2 - 7*f - 6. Let s be g(-4). Suppose 0 = -97*j + 111*j - 112. Let z(k) = -j + 53*k + 2*k**2 + 5*k**2 - k**3 - 59*k. Calculate z(s).
-8
Let w(q) = -q**3 - 6*q**2 - 5*q + 4. Let h be (2/1 + -3)*-5. Suppose -4*f + 175 = 3*o, 0*f + h*o + 210 = 5*f. Let v = f + -48. What is w(v)?
4
Let k(o) = 27*o + 5. Let h be k(-1). Let b be (-4)/h + (-5)/((-275)/(-230)). Let v(l) = -l**2 - 5*l. Determine v(b).
4
Let k(h) = h**3 - 15*h**2 - 2*h + 28. Let n be (765/(-357))/((-2)/7)*2. Calculate k(n).
-2
Let w(i) = -i - 34. Let a(n) = -7*n - 68. Let m(y) = -a(y) + 2*w(y). Let x(p) = p**3 + 5*p**2 + 5*p + 2. Let c be x(-4). Give m(c).
-10
Let b(l) = -9*l**2 + 9*l - 9. Let h be b(4). Let z = 125 + h. Let q(v) = v**2 - 10*v + 6. Give q(z).
-10
Let t(l) be the third derivative of l**5/10 - l**3/6 - l**2. Let m(z) = z**3 + 38*z**2 + 88*z + 90. Let a be m(-35). Let c = a + -684. What is t(c)?
5
Let q(p) = -5*p**2 - 7*p - 6. Let d be 15 + (-595)/42 - 46/12. Give q(d).
-30
Let k(j) = 3*j**2 + 2*j - 7. Let y be 20/24 + -2*34/24. Give k(y).
1
Let v(n) = 2*n**3 - 5*n**2 + 3*n - 3. Let f(i) = i**3 - 9*i - 78. Let m be f(5). What is v(m)?
-1
Let n(i) = -i + 1. Suppose 2*q - 10 = -2*c, 5*c - 3*c - 5*q + 25 = 0. Suppose -o + 5*u = 16 + 13, c = 4*o - u + 59. Let h = -14 - o. Determine n(h).
1
Let p(x) = 2*x**3 + 6*x**2 + 8*x + 46. Let y(c) = 2*c**3 + 11*c**2 + 10*c + 46. Let v(z) = 8*p(z) - 9*y(z). Determine v(-25).
-21
Let v(h) = 2*h + 11. Suppose -32*w - 6 = -35 + 253. Calculate v(w).
-3
Let k(i) = -i**3 - i**2 - 8. Let m = -52 - -53. Let h be 0/9*m/(-2). Calculate k(h).
-8
Let v be 6/4*((-442)/(-39) + -16). Let r(g) = 7*g + 39. Give r(v).
-10
Let x = -92 - -87. Let p = x - -11. Suppose -26*l + p = -28*l. Let o(k) = k**2 - k - 1. Determine o(l).
11
Let s(c) = c + 11. Let o(a) = -a. Let j(h) = 2*o(h) - s(h). Let q(w) = w + w - 4*w - 27 + 17. Let f(k) = -5*j(k) + 6*q(k). Determine f(-4).
-17
Let y(u) = u**2 - 3*u. Suppose 4*d - 2*f - 18 = 0, -27 = -3*d + d - 5*f. Let t = 562 - 555. Suppose d*b - 17 = t. What is y(b)?
4
Let w(r) = r**3 + 2*r**2. Let n = -6 + 6. Let y = 800 - 786. Suppose n = -8*c + c + y. What is w(c)?
16
Suppose -2*k + 35 = f - 0*f, -4 = -k. Suppose -26*y + f*y = -50. Let m = -53 - y. Let i(n) = 4*n + 3. Give i(m).
-9
Let w(m) = -9*m - 2. Let n = -196 + 163. Let i(r) = -49*r - 10. Let p(z) = n*w(z) + 6*i(z). Give p(4).
18
Let j(b) = -b**3 + 18*b**2 - 81*b + 15. Let u be j(10). Let k(a) be the third derivative of 0*a - 1/15*a**u + 0*a**4 - a**2 + 0 + 0*a**3. What is k(1)?
-4
Let o(j) = 2*j**2 - 4*j + 4. Suppose 0 = 5*m - 4*n - 244 - 324, 5*m = 3*n + 571. Suppose 0 = -5*s - m + 131. Determine o(s).
10
Let k(d) = -d**2 + d. Let p(w) = w**2 - 3*w + 3. Suppose -z - 1 + 0 = 0. Let t(r) = z*p(r) - 2*k(r). Suppose 3*y - 13 = -13. What is t(y)?
-3
Let n(h) be the third derivative of 11*h**4/24 - 107*h**3 - 151*h**2 + 13*h. What is n(58)?
-4
Let b(h) = h**2 - 5*h + 1. Let p be b(10). Let a = p - 44. Suppose -a*n - 15 = 6. Let o(t) = -6*t - 4. Give o(n).
14
Let f = -59 + 64. Let b(q) = 3*q + q**2 + 2*q**2 - 7*q**2 + 3 - 6 + f + q**3. Determine b(2).
0
Let i(m) = -m**2 - 11*m + 20. Let a be i(-12). Suppose 2*d + a*d = 20. Let x(z) = 2*z - 2. Determine x(d).
2
Let t(c) = 5*c**2 + c - 7. Let m(z) = 27*z**2 + 5*z - 35. Let p be 6/144*4 - (-11)/6. Let y(s) = p*m(s) - 11*t(s). Give y(-5).
-13
Let h = 27 + -18. Let p be h/5 + 3/15. Let j(s) = 133*s - 128*s - s**3 + p*s**2 - 1 + 0. Give j(4).
-13
Let u(o) = -o**2 - 3*o + 13. Let g be u(-6). Let i(j) = 0 - 4*j**2 - j**2 - j**3 + 138*j - 137*j + 0*j**3 - 5. Give i(g).
-10
Let m(v) = 4*v**2 - 17*v + 17. Let d be (-1 + 5/6)/((-60)/1440). Give m(d).
13
Let a(j) = j. Let d(w) be the second derivative of -w**3 + 7*w**2/2 + 2*w. Let g(x) = 5*a(x) + d(x). Let i(h) = 23*h + 396. Let t be i(-17). Give g(t).
2
Let j(r) = r**3 - 2*r**2 - 3*r - 2. Let m be -2*(162/12 + -13). Calculate j(m).
-2
Suppose w - 16 = 3*t, -8 = -3*w + 2*t + 5. Let a(k) = 14*k - 8. Determine a(w).
6
Let a = 57 - 57. Suppose a = 3*v - 0*v - 18. Let u(k) = 2*k + 3 - 7*k + 4*k - 3*k + v*k**2 - k**3. Calculate u(6).
-21
Suppose 6*s - 12 = 8*s. Let v(y) be the first derivative of 3*y**2/2 - 6*y + 85. Calculate v(s).
-24
Let s be (-54)/9 - (-1)/(-1). Let x(i) = -i**2 - 16*i - 8. Let z(j) = 3*j**2 + 45*j + 23. Let h(m) = 8*x(m) + 3*z(m). Give h(s).
5
Suppose l = -2*m - 86, -222 = 17*m - 12*m - l. Let y(i) = i**3 + 46*i**2 + 88*i - 1. Let o be y(m). Let g(a) = 42*a**3 - a**2 - 2*a - 1. What is g(o)?
-42
Let w(a) = -3*a**2 - 23*a - 38. Let m be 12/(-5)*15/6. Give w(m).
-8
Let q(d) = -16*d - 1. Let w(l) = -45*l - 41. Let s(x) = -3*q(x) + w(x). Determine s(9).
-11
Let m = 13 - 7. Let u = 210 + -197. Let t(p) = 17*p - 4 - m*p - u*p. Calculate t(3).
-10
Suppose 94*y - 348 = 96*y. Let u = 169 + y. Let x(a) = -a**3 - 5*a**2 - 7. What is x(u)?
-7
Let r be 36/24 - 1/(-2). Let x(f) = -2*f**2 + 2*f - 47. Let y(d) = -d**2 + d - 14. Let v(s) = -2*x(s) + 7*y(s). What is v(r)?
-10
Let u(s) = 35*s + 15. Let n be u(-5). Let b = n - -156. Let p(m) = 0*m**3 + 2*m - 2*m**3 + m**3 - 3*m**2. Calculate p(b).
8
Let y(u) = -u**2 - 23*u + 136. Let a be y(-28). Let l(s) = -s**2 + s + 1. Calculate l(a).
-19
Let f(q) = 5*q + 8. Let c(u) = -11*u - 14. Let x(p) = -4*c(p) - 7*f(p). Let a be 2*(2/(-7))/(4/7). What is x(a)?
-9
Let b(g) = g**2 - 2*g - 5. Suppose -50*i = -14*i - 144. Give b(i).
3
Let c(n) = -n**3 - 4*n**2 + 7*n - 1. Let m = -94 - -98. Suppose m*q + 5*d = d - 20, -q - 5*d = 1. What 